erivative of -z**4/8 + z**3/2 + z**2 + 2. Give l(j).
-9
Let p(d) = -3*d + 6. Suppose 202*c = 221*c - 76. Determine p(c).
-6
Let m(q) = -q**2 - q - 1. Suppose -2*k + 7*j - 3*j + 2 = 0, -2*j - 7 = k. Let h(a) = -11*a**2 + 4*a + 4. Let v(o) = k*m(o) - h(o). Determine v(-1).
14
Let o(s) be the first derivative of -1/6*s**4 - 1/20*s**5 + s**2 + 5/6*s**3 + s - 6. Let b(j) be the first derivative of o(j). Calculate b(-3).
-4
Let m(j) = -10*j**2 + 12. Let h(s) = -3*s**2 + 4. Let v(r) = -7*h(r) + 2*m(r). Let b(p) = -p**3 - p - 3. Let u be b(0). Determine v(u).
5
Let l(z) = z**3 + 8*z**2 - z - 8. Let v(c) = c**2 + 19*c + 26. Let b be v(-2). Determine l(b).
0
Let r(f) be the second derivative of 7/2*f**2 + 0 + 2*f - 2/3*f**3. Calculate r(6).
-17
Let u(h) = -4*h + 43. Let n(s) = 2*s - 22. Let p(v) = 5*n(v) + 2*u(v). Let q be p(11). Let b(l) = 3 - 4*l - 12 + 6 + 2 - l**2. What is b(q)?
3
Let d = 69 + -41. Let z(g) = -28*g**2 - d*g**2 + 55*g**2 + 4*g + 6. Determine z(6).
-6
Let q(u) = 3 + u - 3*u + 5*u. Let w = -4 + 8. Suppose 20 = -v + 5*a, w*v + 4*a + 8 = -0. Give q(v).
-12
Let a(c) = 14*c + 9. Let i(z) = 19*z + 9. Let y(g) = 3*a(g) - 2*i(g). Determine y(8).
41
Let l(p) = -5*p**3 - p - 2. Let q be l(-1). Let t(j) = 2*j + 0*j + 4*j + 4 - q*j. Determine t(-5).
-6
Let k(a) = a - 7. Let t(n) = -n + 5. Let q(j) = -5*k(j) - 7*t(j). Calculate q(-1).
-2
Let t(b) = -2*b - b - 2 + b. Let d(y) = 3*y**2 + 65*y + 154. Let g be d(-19). What is t(g)?
-6
Let l be (-6)/(-36) + 17/6. Suppose -2*z = -9 + l. Let y(p) = -1 + z*p + 0*p + p. Give y(2).
7
Suppose -x + 5 = -0*x. Let y(v) = 0*v**2 + 418 + v**3 - 2*v**2 - 2*v**2 - 4*v - 412. What is y(x)?
11
Let b(z) be the second derivative of 6*z + 0 - 1/6*z**3 + 3/2*z**2. Suppose 4*q + 16 = -0*q. Determine b(q).
7
Suppose 8*u - 4*u + 55 = x, -u = -3*x. Let h(r) = r**2 + 15*r - 1. Give h(u).
-1
Let m(z) be the third derivative of 1/120*z**6 - 10*z**2 + 1/12*z**4 + 0 - 1/15*z**5 + 0*z + 1/6*z**3. Determine m(3).
-2
Suppose -2*t = 2*t - 5*b - 22, t + 2*b = -1. Let r be (t + -4)/((16/12)/(-4)). Let n(v) = v**3 - 2*v**2 - 2*v + 3. Determine n(r).
6
Let g(y) = -14*y - 1. Let o = 0 + 9. Suppose -5*w - o = 5*q - 3*w, -7 = 3*q + 2*w. Give g(q).
13
Let a(m) = 9 + 17 - 3*m**3 - 36 + 9. Calculate a(-1).
2
Let t(m) be the second derivative of m**4/12 + 3*m**3/2 - 7*m**2/2 + 239*m. Calculate t(-9).
-7
Let g(z) be the second derivative of -z**7/2520 - z**6/144 + z**5/15 + 5*z**4/6 - 3*z. Let m(n) be the third derivative of g(n). Give m(-7).
-6
Let c be (-1 - -5) + -9 + 5 + -3. Let t(x) = 8*x + 17. Let y be t(c). Let w(i) = i**2 + 6*i - 2. Determine w(y).
5
Suppose -2*y = -4*u - 44, 8 = -y + 2*y + 5*u. Let b = 27 - y. Let z = b - 7. Let x(s) = s**2 - s. Calculate x(z).
2
Let g = 5805 - 5802. Let v(t) be the second derivative of -t**4/12 + t**3/2 + t**2/2 + t. What is v(g)?
1
Let l(b) = 4 + 32*b**2 - 4 - 33*b**2 + 13. Give l(-4).
-3
Let a(j) be the third derivative of -5*j**4/24 - 5*j**3/3 + 109*j**2. Determine a(-3).
5
Let t(d) = d + 10. Let n(m) be the third derivative of m**6/120 + m**5/10 - m**4/6 + 7*m**3/3 - 5*m**2. Let i be n(-7). Give t(i).
3
Let d(y) = y**3 - 13*y**2 + 10*y + 27. Let i be d(12). Let l(m) = -m**i - 4*m - 5 + 8*m**2 - 9*m**2 + 7*m**2. What is l(4)?
11
Let t(g) = -3*g**3 + 2*g**2 + 2*g. Let b(a) = -2*a**3 + 3*a**2 + 3*a. Let v(n) = -4*b(n) + 3*t(n). Let c be (7/(-14))/(1/10). What is v(c)?
5
Suppose -78*w - 179 = -1427. Let s(n) = n - 25. Give s(w).
-9
Let u be ((-3)/(-9))/(4/72). Let x(k) be the first derivative of -u*k**2 + k**2 + 4*k**2 + 2*k - 9. Determine x(4).
-6
Let c be ((-10)/7)/((-3)/21). Suppose -5*b - 2*w + 1 = -9, -c = -5*b + 5*w. Let u(a) = a - 2*a - 3*a**b - 1 + 0*a - a. Calculate u(-2).
-9
Let k = 24 - 16. Let p be 1/(-1)*(3 - k). Suppose 6*l - 11*l = -p. Let s(c) = 7*c**3 - c**2 + 2*c - 1. Calculate s(l).
7
Let c(t) = t**3 + t**2 - 5*t - 2. Let b(i) be the first derivative of -1/2*i**2 - 6 - 12*i. Let a be b(-9). Calculate c(a).
-5
Let a = -8 + 10. Let c(y) be the first derivative of 2*y**3/3 - y**2/2 + 2*y + 16. What is c(a)?
8
Let q(x) = 24*x**2 + 27*x + 57. Let n(i) = 13*i**2 + 14*i + 30. Let t(z) = 11*n(z) - 6*q(z). What is t(-6)?
0
Let q(v) be the second derivative of v**5/20 - v**4/2 - 2*v**3/3 + 3*v**2/2 + 99*v. What is q(6)?
-21
Let a(m) = 7*m**2 + 3*m + 8. Let k(l) = 13*l**2 + 6*l + 14. Let z(i) = -7*a(i) + 4*k(i). Calculate z(-2).
6
Let o(t) = -t**2 - 4*t - 3. Let w(k) = -3*k**2 - 9*k - 8. Let y(b) = -5*o(b) + 2*w(b). Determine y(-3).
-16
Let s(r) = -r**2 - 16*r - 19. Let c be s(-14). Let f = 14 - c. Suppose -f*w + 2*w + 5*k + 33 = 0, -36 = -5*w + 2*k. Let v(g) = g - 11. What is v(w)?
-5
Let p be (-2)/3 + (-200)/(-30). Let j(q) = -6 - 2*q + 9*q - 18*q**2 + 17*q**2 - 3. What is j(p)?
-3
Let j be (-220)/88 + 2/4. Let y(w) = 2*w - 7*w - 2 + 3. Give y(j).
11
Let q(c) = c**3 + 18*c**2 + 18*c + 19. Let l be q(-17). Let x = 6 - l. Let t(d) = -7*d - d**3 - 8 + 5*d**2 + 7 + x*d**2. Give t(8).
7
Suppose t - 4*f + 2 = 1, 2*t = 5*f - 5. Suppose 5*x - 16 - 19 = 0. Let a(v) = x - 5 + 0*v + 2*v. Calculate a(t).
-8
Let b = 13 - 6. Let d(q) = 2*q - 12. Let r(k) = -3*k + 18. Let t(a) = b*d(a) + 5*r(a). Let u = 78 + -73. Give t(u).
1
Let z(w) = w**2 + 147*w + 1109. Let y be z(-8). Let o(l) = 2*l**2 - 2*l - 4 - 4*l**2 - 2*l. Give o(y).
-10
Let p(s) = s**2 + 3*s**2 - 6*s - s**3 - 1 + 3*s**2. Suppose -y + 2*y = 5. Let m = y - -1. Give p(m).
-1
Let v(l) = -8*l**2 + 43*l. Let q(g) = -2*g**2 + 16*g. Let d(f) = 8*q(f) - 3*v(f). What is d(-2)?
34
Let j(s) = -s - 12. Suppose 5*f + 3*m = 30, f + 2*m = 15 - 2. Suppose 0 = -3*z + f + 3. Suppose 5*b = c - z*c - 5, 3*b + c + 5 = 0. Give j(b).
-12
Let t(a) = -a + 9. Let p = 55 - 47. Let q be 3/(-4) + 14/p - 1. Determine t(q).
9
Suppose -255 = -46*z + 131*z. Let q(l) be the third derivative of l**6/120 + l**5/20 - l**3/2 - l**2. Give q(z).
-3
Let y(o) = o**3 + 7*o**2 + 4*o - 3. Suppose 3*t - 36 = -4*x, -2*t + 5*x = -0*x - 1. Let j be (-88)/14 - t/(-28). Give y(j).
9
Let t(q) = 2*q**3 - q**2 - 2*q - 1. Suppose i + 1 = p, 5*i = 2*p - 0*i + 1. Let x = -2 + 2. Suppose -3*b + p*w + x*w + 3 = 0, -2*b - 2*w = 8. Determine t(b).
-2
Let v(n) = 3*n**2 - 4*n - 11. Let q(s) = 2*s**2 - 5*s - 10. Let p(j) = 4*q(j) - 3*v(j). Suppose f - 2*m - 1 = 0, 3*m + 0*m + 19 = -f. Calculate p(f).
0
Suppose -5*k + 4*k + 4*g = -8, -2*k = 5*g + 10. Let z(a) = k + 2 - 1 + a. Let n(f) = f**2 + 10*f + 2. Let d be n(-10). Give z(d).
3
Suppose 119 = 8*g + 143. Let n(d) = -d + 4. Give n(g).
7
Let i(z) = 7*z**2 - 4 - 4*z**2 - 4*z**2 - 4 + 2. Give i(0).
-6
Let w(b) = -b**2. Let g = -22 + 19. Let y(l) = 4*l**2 - 7*l + 5. Let d(v) = g*w(v) - y(v). Calculate d(4).
7
Let z(i) = -i**2 - 11*i + 2. Let j(a) = 2*a**2 + 17*a - 3. Let f(s) = -5*j(s) - 8*z(s). Let l(q) = q - 8. Let p be (2*1)/(4/20). Let h be l(p). Give f(h).
-3
Let w = 3 + -8. Let s(g) be the third derivative of 1/24*g**4 - 8*g**2 + 0 + 3/2*g**3 + 0*g. Determine s(w).
4
Let k(t) = t**3 + t**2 + 1. Let g(i) = -16*i**3 - i + 2. Let h(q) = -g(q) + 2*k(q). Calculate h(-1).
-17
Let o(w) = -w**3 - 5*w**2 - 5*w - 4. Suppose 11*h - 20 = 16*h. Calculate o(h).
0
Let f(j) = 4*j - 10. Let z be (-8 - -11 - -7) + (1 - 6). Give f(z).
10
Let j(x) be the third derivative of -x**6/120 - x**5/10 + x**4/12 + x**3/3 + 91*x**2. What is j(-5)?
-33
Let j(b) = b**2 + 14*b + 3. Let r = -732 + 726. Determine j(r).
-45
Let b(k) = k - 8. Let t(v) = -v**3 + 21*v**2 + 4*v - 74. Let f be t(21). Calculate b(f).
2
Let t(j) = -j**3 - 6*j**2 + 3*j + 1. Let f be (-4)/10 - (612/45 - 8). Determine t(f).
-17
Let c(i) = 3*i + 4. Let j be c(-6). Let u be (-27)/63 + (-20)/j. Let n(f) = 4*f**2 + 7*f**2 - 3*f**2 - 1 + 0*f**2. Calculate n(u).
7
Let t(i) = 5*i - 552 - 8*i - 4*i**2 + 549. Calculate t(-3).
-30
Let y(x) be the third derivative of -11*x**6/120 + x**5/60 + x**4/24 - x**3/3 - 856*x**2. What is y(1)?
-11
Let z(a) be the first derivative of -a**3 - a**2 + 28. Give z(2).
-16
Let l = 44 - 11. Let t = -32 + l. Let w(b) be the second derivative of 7*b**3/6 - b**2/2 - 3*b. Give w(t).
6
Let w(k) = k**2 + 10*k + 4. Let x = -28 + 22. Let a(m) = m**2 + 11*m + 5. Let g(c) = x*a(c) + 7*w(c). Give g(-5).
3
Suppose -3*l = 2*f + 73, -4*f + 4*l - 154 = 2*l. Let g = 39 + f. Let a(w) = 7*w**2 + 2*w - 1. Calcu